-7).
28
Let z(x) = x**3 + x**2 + x - 17. Give z(0).
-17
Let o(s) = -s**2 - 7*s + 12. Give o(-9).
-6
Let b(x) = x**2 + 5*x + 4. Give b(3).
28
Let o(c) = c**2 - 7*c + 3. Give o(6).
-3
Let w(x) = x**2 - x + 2. Give w(2).
4
Let m(g) = -g**3 - 6*g**2 - 2*g + 5. Calculate m(-6).
17
Let u(x) = x**3 - 4*x**2 - x - 3. Calculate u(4).
-7
Let v(u) = u**3 + 26*u**2 + 24*u - 29. What is v(-25)?
-4
Let q(u) = 2*u - 18. Determine q(6).
-6
Let j(k) = k**3 - 14*k**2 - 2*k + 23. Give j(14).
-5
Let g(w) = -w**3 + 14*w**2 - 2*w + 18. What is g(14)?
-10
Let h(t) = t**3 - t**2 + 2*t - 1. Determine h(3).
23
Let o(u) = 14*u**3 + u**2. What is o(-1)?
-13
Let t(y) = y**3 + 3*y**2 - 6*y - 9. What is t(-4)?
-1
Let y(i) = i + 33. Give y(-16).
17
Let k(x) = -x**3 - 37*x**2 - 2*x - 71. Calculate k(-37).
3
Let i(q) = q**2 + 2*q - 58. What is i(-8)?
-10
Let g(y) = y**2 + 22*y + 2. Determine g(-21).
-19
Let p(l) = 5*l - 47. Give p(9).
-2
Let b(d) = d**3 + 7*d**2 + d - 16. Give b(-7).
-23
Let d(l) = l**2 + 1. Calculate d(6).
37
Let l(j) = -j + 7. Determine l(6).
1
Let n(l) = -l**3 - 3*l**2 + l + 3. Give n(-4).
15
Let b(u) = -u**3 + 19*u**2 + 19*u + 18. Calculate b(20).
-2
Let v(w) = -2*w**2 - 12*w + 14. What is v(-7)?
0
Let y(l) = 8*l + 334. Give y(-42).
-2
Let f(n) = -6*n + 209. Give f(33).
11
Let g(l) = -l**2 + 8*l + 127. Calculate g(-8).
-1
Let w(z) = 5*z**2 + z - 4. Calculate w(3).
44
Let u(n) = -2*n**2 - 5*n + 8. Give u(-7).
-55
Let n(h) = h**3 + 8*h**2 + 16*h. Determine n(-5).
-5
Let d(x) = 2*x - 5. Determine d(4).
3
Let a(u) = u**2 - 9*u - 3. What is a(10)?
7
Let l(k) = -k**3 + 7*k**2 - 3*k + 3. Calculate l(6).
21
Let l(d) = -32*d**3 + 3*d**2 + d - 1. What is l(-1)?
33
Let x(t) = t**3 - 6*t**2 - 10*t + 3. Give x(7).
-18
Let x(i) = i**3 + 12*i**2 + 10*i - 6. What is x(-11)?
5
Let g(j) = 6*j + 117. Determine g(-21).
-9
Let s(m) = 15*m - 15. Determine s(5).
60
Let w(j) = j + 2. Calculate w(9).
11
Let p(t) = -t**3 - t**2 + 24*t + 16. Calculate p(6).
-92
Let r(z) = -z**2 + 5*z - 7. What is r(4)?
-3
Let g(c) = 5*c**2 - 7*c + 7. Give g(4).
59
Let p(c) = 15*c**2 - 3*c - 3. Give p(-2).
63
Let q(o) = 2*o**3 - 8*o**2 - 14*o - 7. What is q(5)?
-27
Let w(t) = -3*t**2 - 2*t - 17. What is w(-5)?
-82
Let y(z) = 23*z**2 - 3*z + 4. What is y(1)?
24
Let u(o) = o**3 + 4*o**2 - 4*o + 2. Calculate u(-5).
-3
Let k(f) = f**2 + 13*f + 42. What is k(-7)?
0
Let s(p) = -p**3 - 9*p**2 + p + 5. Determine s(-9).
-4
Let l(j) = -j**2 + 42. What is l(-6)?
6
Let j(u) = -u**3 - 3*u**2 - 8*u - 12. Give j(-3).
12
Let h(q) = -q**2 - q + 1. Give h(5).
-29
Let t(l) = l**2 + 11*l + 20. Determine t(-9).
2
Let w(n) = n**2 + 8*n - 8. Calculate w(-8).
-8
Let x(f) = -f**3 + 25*f**2 - 3. Calculate x(25).
-3
Let g(r) = -2*r**2 - 3*r - 1. What is g(-2)?
-3
Let k(g) = -6*g. Calculate k(-5).
30
Let i(b) = -11*b + 31. Determine i(16).
-145
Let n(r) = r**3 + 4*r**2 + 2*r + 2. Give n(-3).
5
Let u(j) = 2*j + 93. Calculate u(-17).
59
Let x(u) = -u**3 + 28*u**2 - 29*u + 56. What is x(27)?
2
Let n(l) = 3*l. Give n(2).
6
Let b(k) = 3*k + 13. What is b(-6)?
-5
Let s(l) = -l**2 - 6*l + 2. Calculate s(-6).
2
Let i(q) = -q**3 - 16*q**2 - q - 20. Determine i(-16).
-4
Let k(b) = b**3 + 9*b**2 - 9*b + 3. What is k(-10)?
-7
Let g(l) = -13*l - 1. What is g(2)?
-27
Let q(c) = c**3 - 10*c**2 + 8*c - 11. What is q(9)?
-20
Let f(a) = -a**2 - 6*a - 9. Calculate f(-7).
-16
Let h(c) = -3*c**2 + 38*c - 26. Calculate h(12).
-2
Let o(b) = -2*b**2 - 5*b - 3. Give o(-4).
-15
Let x(b) = -b**2 - 8*b + 9. What is x(-9)?
0
Let d(z) = z**3 - 24*z**2 + 23*z - 4. Give d(23).
-4
Let n(y) = y + 3. Give n(-10).
-7
Let i(x) = x**2 - 11*x + 10. Determine i(6).
-20
Let i(h) = -2*h**2 + 14*h - 22. Calculate i(2).
-2
Let t(y) = -245*y - 489. What is t(-2)?
1
Let b(t) = t**2 + 21*t + 103. Calculate b(-7).
5
Let v(h) = -2*h**3 - 10*h**2 + h - 46. Determine v(-6).
20
Let b(c) = c + 15. Give b(-3).
12
Let d(a) = -a**3 + 27*a**2 + 28*a - 30. Give d(28).
-30
Let q(x) = 3*x**2 - 21*x + 9. What is q(8)?
33
Let f(s) = -s**3 - s**2 - s + 20. Give f(0).
20
Let c(y) = 5*y - 4. Determine c(3).
11
Let d(h) = 3*h + 8. Determine d(-6).
-10
Let j(l) = -18*l**3 - l**2 + 2*l + 2. What is j(-1)?
17
Let q(y) = 45*y + 261. Give q(-6).
-9
Let i(r) = -r**3 - 5*r**2 + 8*r + 1. What is i(-6)?
-11
Let h(a) = -a**3 + 40*a**2 + 2*a - 85. Give h(40).
-5
Let s(q) = -q**2 - 5*q + 4. Calculate s(-7).
-10
Let d(y) = 2*y**3 + 3*y**2 + y + 4. What is d(-3)?
-26
Let k(i) = i**3 + 6*i**2 - 4*i + 12. What is k(-7)?
-9
Let l(m) = -m**2 + 5*m - 5. Calculate l(4).
-1
Let s(g) = -15*g**3 - g**2 - g. What is s(-1)?
15
Let w(r) = -68*r + 681. Give w(10).
1
Let r(b) = -7*b**3 + 2*b**2 + 3*b + 2. Calculate r(-1).
8
Let l(n) = 2*n - 1. Give l(-1).
-3
Let u(b) = -3*b + 49. Give u(15).
4
Let u(o) = 20*o - 263. Determine u(14).
17
Let v(f) = f - 23. Determine v(14).
-9
Let f(b) = -15*b - 37. Give f(-6).
53
Let g(j) = -4*j + 1. What is g(4)?
-15
Let c(u) = -u**2 + 2*u + 14. What is c(5)?
-1
Let a(d) = d**2 + 11*d - 57. Calculate a(5).
23
Let x(t) = t**3 + 18*t**2 + 31*t - 10. What is x(-16)?
6
Let o(h) = -21*h**3 - 2*h**2 + 2*h - 1. Calculate o(1).
-22
Let f(o) = o**3 - 5*o**2 + 4*o - 19. Determine f(5).
1
Let q(u) = -15*u - 31. Determine q(5).
-106
Let c(j) = -12*j - 138. Determine c(-12).
6
Let k(w) = w**3 + 5*w**2 + w + 6. Determine k(-5).
1
Let n(w) = -2*w**3 - 9*w**2 - 2*w + 7. What is n(-4)?
-1
Let x(f) = f - 7. What is x(7)?
0
Let p(t) = 2*t**3 - 4*t**2 - 2*t - 1. What is p(0)?
-1
Let w(l) = 22*l - 89. Give w(4).
-1
Let d(c) = -c**3 - 7*c**2 + 23*c + 45. What is d(-9)?
0
Let m(y) = y**2 + 12*y - 14. Give m(-13).
-1
Let k(a) = a**3 - a**2 - 19*a - 6. Determine k(-4).
-10
Let z(r) = 39*r + 1. Give z(-1).
-38
Let f(q) = -12*q**3 - q**2. Give f(-1).
11
Let v(o) = -o**2 + 8*o + 7. Determine v(6).
19
Let x(k) = k**2 - 11*k + 5. What is x(10)?
-5
Let d(o) = -o - 35. Give d(-11).
-24
Let b(w) = -2*w**2 + 6*w - 7. Calculate b(2).
-3
Let u(c) = c**2 + 9*c - 9. Calculate u(-9).
-9
Let p(v) = v**3 - 11*v**2 + 2*v - 13. Give p(11).
9
Let r(f) = -2*f**3 + 4*f**2 + 3*f + 2. Give r(3).
-7
Let d(n) = -n**3 - 5*n**2. Calculate d(-6).
36
Let m(g) = 3*g + 8. Give m(-8).
-16
Let a(z) = -z**2 + 2*z - 5. Give a(3).
-8
Let v(r) = 11*r + 133. Calculate v(-13).
-10
Let p(l) = -4*l**3 + l**2 + 4*l + 2. Calculate p(-1).
3
Let x(g) = -g**3 - 7*g**2 - 6*g + 1. Calculate x(-5).
-19
Let n(y) = 9*y**2 - 3*y - 2. Give n(-1).
10
Let x(f) = -f**2 - 3*f - 42. Determine x(0).
-42
Let d(r) = r**3 + 12*r**2 + 6*r - 16. What is d(-11)?
39
Let p(k) = 21*k + 17. Calculate p(4).
101
Let q(d) = -d - 20. Determine q(11).
-31
Let f(k) = -3*k**2 - 2. What is f(-2)?
-14
Let n(w) = -2*w**2 - 11. What is n(-4)?
-43
Let l(c) = 6*c + 1. Calculate l(-1).
-5
Let x(n) = -3*n + 18. Calculate x(7).
-3
Let m(s) = -s**3 - 2*s**2 + 3*s - 1. Calculate m(2).
-11
Let c(u) = -9*u - 22. What is c(-4)?
14
Let g(a) = 2*a + 2. Give g(-5).
-8
Let q(s) = 2*s**2 - 92*s + 5. What is q(46)?
5
Let r(d) = -2*d + 37. Give r(0).
37
Let w(m) = -m**3 + 23*m**2 + 25*m - 17. Give w(24).
7
Let m(o) = o + 4. Give m(-7).
-3
Let f(x) = -61*x - 187. Determine f(-3).
-4
Let c(y) = 11*y - 197. Calculate c(18).
1
Let f(h) = -7*h + 8. Determine f(2).
-6
Let h(w) = -w**3 - 5*w**2 + w - 4. Calculate h(-4).
-24
Let x(y) = -y**3 - 6*y**2 + 3*y + 10. Give x(-4).
-34
Let r(u) = u**2 - 2*u - 2. Determine r(2).
-2
Let r(g) = -g**2 + 2*g + 6. Give r(-9).
-93
Let b(d) = 4*d**3 + 5*d**2 + 6*d + 3. Calculate b(-2).
-21
Let g(x) = -x**2 - 16*x + 5. Calculate g(-16).
5
Let s(a) = -a**3 - 8*a**2 + 11*a + 118. Calculate s(-7).
-8
Let x(z) = z**3 + 7*z**2 - 7*z + 9. Determine x(-8).
1
Let d(n) = 3*n**2 + 12*n - 9. What is d(-5)?
6
Let w(d) = 11*d + 11. Calculate w(-2).
-11
Let a(t) = 2*t - 11. Calculate a(7).
3
Let r(l) = -43*l**3 + 2*l**2 + 4*l - 5. Calculate r(1).
-42
Let m(d) = -2*d**2 + 10*d + 38. Determine m(8).
-10
Let n(f) = -f - 32. Determine n(-22).
-10
Let t(d) = -7*d**2 + 2*d + 5. Determine t(3).
-52
Let y(m) = -2*m - 12. Give y(5).
-22
Let c(i) = i + 10. Determine c(-7).
3
Let y(r) = -3*r + 20. Give y(7).
-1
Let n(w) = -w - 11. Give n(-8).
-3
Let m(y) = -y**2 - 10*y - 26. Give m(-7).
-5
Let z(f) = f**2 - 10*f. Give z(13).
39
Let s(j) = j**2 - 9*j - 14. Calculate s(10).
-4
Let z(v) = -13*v + 13. Wha